5. Let m = 1 + q. Suppose -3*k - j = -13, -3*k + 5*j - 2 + 9 = m. What is the remainder when 11 is divided by k?
3
Let t(l) = -l**2 - 2. Let h be t(0). Calculate the remainder when 8 is divided by (-3 - -9)/(0 - h).
2
Suppose 2*s = 15 + 45. Calculate the remainder when 39 is divided by ((-2)/3)/((-2)/s).
9
Let a be (1 + (-1 - -2))/(-1). Let f = -340 - -401. Calculate the remainder when f is divided by 20 - -1*(a + 3).
19
Let s = 29 + -8. Let y = -15 - -27. What is the remainder when s is divided by y?
9
Let x be (-6)/9 - (-124)/6. Suppose -2*p = z + 1, -4*p = 5*z - 3 - 22. What is the remainder when (-2 + x/12)*-78 is divided by z?
8
Let w = 61 + -39. Let a = -5 - -13. What is the remainder when w is divided by a?
6
Let u(m) = 11*m + 6. Let l be u(-3). Calculate the remainder when 57 is divided by -1 - 1 - -5 - l.
27
Suppose -2*t + 2 = -4. Suppose -t*o - 9 = -6*o, 5*f + 5*o - 70 = 0. What is the remainder when 43 is divided by f?
10
What is the remainder when 98 is divided by ((-9)/(27/(-156)))/(2/1)?
20
What is the remainder when (-16)/4 + (200 + 1 - -1) is divided by 40?
38
Suppose 0 = -2*n - 2*w + 6, -7 - 2 = -3*n + 4*w. Calculate the remainder when 38 is divided by n.
2
Let u = -34 - -69. Calculate the remainder when u is divided by 21.
14
Let b(r) = 17*r**3 + r**2 - r + 2. Let u be b(2). Suppose 2*p + u = 7*p. What is the remainder when 109 is divided by p?
25
Suppose 4*w + 4*q - 96 = 0, 3*w = -5*q + 49 + 33. What is the remainder when w is divided by 7?
5
Let p(s) = s**2 + 2 - 1 + 0*s**2. Suppose 6*h = 4*h + 6. Calculate the remainder when p(h) is divided by 3.
1
Suppose -2*r = -5*r + 87. Calculate the remainder when 115 is divided by r.
28
Let j = 2 - -4. Suppose -y = -j*y + 105. What is the remainder when y is divided by 8?
5
What is the remainder when 15 is divided by (13 - 3) + (0 + 5 - 5)?
5
Let n = 7 + 0. Calculate the remainder when 4/6*(27 + 3) is divided by n.
6
Suppose -165 = -4*f + 175. Calculate the remainder when f is divided by 22.
19
Let b(g) = -g**2 + 16*g + 3. Calculate the remainder when 31 is divided by b(15).
13
Suppose -10*u + 293 = -307. What is the remainder when u is divided by 23?
14
Let q = -7 - -7. Suppose q = -4*v + v + 18. Suppose -n = n - 46. Calculate the remainder when n is divided by v.
5
Let v(n) = -n - 7. Let k be 3/(9/2)*-12. What is the remainder when v(k) is divided by 1?
0
Calculate the remainder when -1 - ((-72)/3)/4 is divided by 3.
2
Let v(l) = l**3 - 6*l**2 + 7*l - 2. Let w be (-3 + 1 + 7)/1. Let y be v(w). Let b(n) = n**2 - 5*n - 3. Calculate the remainder when 41 is divided by b(y).
20
Suppose 4*w + 1 - 69 = 0. Let j = w + 48. What is the remainder when j is divided by 34?
31
What is the remainder when 259/9 - 30/(-135) is divided by 5?
4
Suppose -4*d - 2 = -42. Calculate the remainder when 28 is divided by d.
8
Let l = 12 + -6. Suppose -a = -l*a + 15. Suppose -1 = a*i - 4*i. What is the remainder when i is divided by 1?
0
Suppose -3*v = -v - 4. Suppose -2*x - 49 = -a + x, v*a - 98 = -3*x. Suppose -19 = 5*j - a. What is the remainder when 17 is divided by j?
5
Suppose -5*z = -251 + 136. Let n(d) = 9*d**2. Calculate the remainder when z is divided by n(1).
5
Let v = -5 - -21. Suppose 0 = 4*u - v - 0. Calculate the remainder when 11 is divided by u.
3
Let a = 650 - 451. Calculate the remainder when a is divided by 20.
19
Suppose -65 = -4*c + 43. What is the remainder when c is divided by 14?
13
Suppose 2*v - x - 13 = 0, 0*v + 9 = -4*v - 5*x. Let z = -10 + 26. What is the remainder when (-61)/v*(-2 + -2) is divided by z?
13
Suppose -2*h - 9*h = -77. What is the remainder when 18 is divided by h?
4
Suppose -m + 108 = -5*m. Calculate the remainder when 79 is divided by m/((-2)/(-2 + 4)).
25
Suppose -2*l + c + 23 = 0, -5*l - 2*c = -0*c - 80. Calculate the remainder when (-37 + -2)*(-16)/24 is divided by l.
12
Let g = 15 + 1. Suppose 5*l + 8 = 4*y + 42, l - y = 7. Calculate the remainder when g is divided by l.
4
Suppose -13*o = -215 - 617. Calculate the remainder when o is divided by 34.
30
Let v(m) = m + 6. Let c be v(-5). Let g(t) = 0*t + 2*t + c + 0*t. What is the remainder when 30 is divided by g(5)?
8
Let l be 0 - 0 - (-4 - -6). Let j = l + 6. Calculate the remainder when 14 is divided by j.
2
Let n = 29 - 8. Let r(z) = z**3 - 11*z**2 + 13*z + 3. Let s be r(10). What is the remainder when n is divided by 1/((-6)/s)*-2?
10
Calculate the remainder when 66 is divided by 9/6 + (-62)/(-4).
15
Let a(s) = -s + 23. Suppose 4*w = 5*y + 21, -2*w + 30 = 2*w - 2*y. What is the remainder when a(7) is divided by w?
7
Let f(g) be the second derivative of g**5/20 + g**4/4 - 2*g**3/3 - g**2/2 - g. Let d be f(-4). Let p = d - -11. What is the remainder when 19 is divided by p?
9
Let j(d) = -d**3 + 5*d**2 - 3*d + 4. Suppose 0 = -2*s - 0*s + 3*v + 21, -4*v - 20 = 0. What is the remainder when 49 is divided by j(s)?
10
Let h = 4 - -26. Suppose -3*q - 9 = -0. Let l = 19 + q. Calculate the remainder when h is divided by l.
14
Calculate the remainder when 28 is divided by 6 + -9 - (1 - 14).
8
What is the remainder when -1*2/(-4)*(-108)/(-3) is divided by 7?
4
Suppose 5 + 1 = -2*c, 0 = -3*a - c + 18. What is the remainder when 20 is divided by a?
6
Let c be (-72)/(-18) - (5 + -1). Suppose -3*s + 16 + 35 = c. What is the remainder when 63 is divided by s?
12
Suppose -l - 1 = -2*l. What is the remainder when 3 is divided by l?
0
Let i(k) = 2*k - 4. Let v(p) = 2*p - 4. Let h(g) = 5*i(g) - 4*v(g). What is the remainder when 33 is divided by h(11)?
15
Suppose -c - 51 = -4*c. Suppose -3*y - 1 = -2*y. Calculate the remainder when c is divided by -12*(y/(-2))/(-1).
5
Let w(h) be the first derivative of 4*h**2 - 10*h + 8. Let d = -7 + 23. Calculate the remainder when w(5) is divided by d.
14
Let t(v) = 3*v**2 + v - 4. What is the remainder when 9/4*-2*-2 is divided by t(-2)?
3
Suppose -145 = 2*f - 7*f. Calculate the remainder when f is divided by 10.
9
Let p be (-20)/6*144/(-20). Suppose 0 = -4*k - 8 + p. Suppose -k*i - 33 = -109. What is the remainder when i is divided by 7?
5
Suppose 5*t - 66 = 29. What is the remainder when t is divided by 4?
3
Let p = 23 - 13. What is the remainder when 336/p + (-2)/(-5) is divided by 18?
16
Suppose 6*d - 69 = 3*d. Calculate the remainder when d is divided by 13.
10
Suppose 4*v = 4*f - 96, -v = 4*f + v - 72. What is the remainder when f is divided by 12?
8
What is the remainder when ((-92)/6)/(4/(-6)) is divided by 2/3 + 16/12 - -10?
11
Let l = -4 + 7. Suppose 0 = -v + 3*p + 1 + l, -4*v + 55 = p. Calculate the remainder when v is divided by 7.
6
Suppose 0 = 2*h - 7*h + 20. Suppose o - 4*m + 11 = 0, -5*m + 14 + 47 = h*o. Let t = 38 - o. Calculate the remainder when t is divided by 10.
9
Suppose 0 = 4*v - k - 15, 0*v + 7 = 3*v - 5*k. Suppose -245 = -q - v*q. Suppose -3*l + 35 = -4. Calculate the remainder when q is divided by l.
10
Suppose 0*y + 4*y = 12, -384 = -5*b - 3*y. Calculate the remainder when b is divided by 20.
15
Let q be (-161)/((-20)/6 - -3). Calculate the remainder when 6/(-4) - q/(-6) is divided by 16.
15
Calculate the remainder when 123 is divided by (1 + (-27)/2)*(5 + -7).
23
Suppose j - 9 = -x - x, 50 = 5*j + 5*x. Calculate the remainder when 31 is divided by j.
9
Let i = -4 + 4. Suppose i = -3*t + 7 + 32. What is the remainder when 25 is divided by t?
12
Suppose 5*x = 3 + 82. Calculate the remainder when 117 is divided by x.
15
Let c(x) = x**2 + 2*x**3 - 2*x**3 - 3*x**3. Calculate the remainder when c(-1) is divided by 1.
0
Suppose -k - 2 = -4*f, 10 = 2*k + 2*f + 4. What is the remainder when 3 + 0/k + 14 is divided by 9?
8
Let b = 13 + -28. Let f(x) = -x**2 - 17*x + 8. What is the remainder when f(b) is divided by 20?
18
Suppose -6*b = -3*b - 51. What is the remainder when b is divided by 9?
8
Suppose -2*a - a = -4*j - 41, -65 = -5*a + 5*j. Suppose -b - 94 = y - 4*y, -y - 5*b + 42 = 0. What is the remainder when y is divided by a?
10
Suppose 2*f - 23 = -g, -2*g = 3*f + g - 36. Let y(m) = 5*m**2. Let w(l) = -l**2 - 2*l - 2. Let v be w(-2). What is the remainder when y(v) is divided by f?
9
Let a = 70 + -39. Calculate the remainder when a is divided by 11.
9
What is the remainder when 15 is divided by (-44)/(-7) - 4/28*2?
3
Let b = 69 - 51. Calculate the remainder when